4*c - 80 = -3*i, -c = 3*c + 8. Let x = i - 122. List the prime factors of ((-34)/(-17))/((-1)/x).
2, 7
Suppose 58*d = 131*d + 3*d - 2387084. What are the prime factors of d?
7, 641
Let u = 135 + -133. What are the prime factors of (-1671)/(-6) + u*(-3)/12?
2, 139
Suppose 8*u = 4*u - 2*n - 170, 0 = 4*u + 4*n + 168. Let s = -16 - u. What are the prime factors of s?
3
Suppose 6*b - 3*b = -114. Let g be b/(-5) - (-20)/50. What are the prime factors of (-6)/g - (-6860)/80?
5, 17
Let r(y) be the third derivative of -y**6/120 - y**5/60 + y**4/12 + 2*y**3/3 + 106*y**2. List the prime factors of r(-12).
2, 17, 23
Let s = -6868 - -20300. List the prime factors of s.
2, 23, 73
Suppose -4*t + 265 = 49*t. Suppose -t*r - 720 = -8*r - 5*x, 0 = -4*r - x + 943. List the prime factors of r.
5, 47
Let x = -1043 + 846. Suppose 4*l = -946 - 242. Let d = x - l. What are the prime factors of d?
2, 5
Let x = 91 + -192. Let i = x + 344. Suppose j + 0*b - i = -3*b, -j = 5*b - 245. What are the prime factors of j?
2, 3, 5
Suppose -5*g = -6*g + 5*j + 10, -5*g - 4*j + 21 = 0. What are the prime factors of (-594 - g - 0)/((-1)/1)?
599
Let u be (24 - (-10)/5) + -2. Suppose -4*l + u = 2*x, -5*x + 2*l + l = -8. Suppose 3*z - x*s = 164, -3*s - 1 - 14 = 0. List the prime factors of z.
2, 3
Let b = 1435 + -2055. Let i = b + 1024. What are the prime factors of i?
2, 101
Suppose 3*j + 16 = 2*j. Let v(r) = -2*r**2 - 40*r - 53. List the prime factors of v(j).
3, 5
Let i be (-26)/169 - (-134)/26. Suppose 3*x + g = -x + 8, 5*x = i*g + 35. Suppose 0*b - 150 = -b + q, -x*q + 15 = 0. What are the prime factors of b?
5, 31
Let n = -87798 - -141362. What are the prime factors of n?
2, 7, 1913
Let v be (-1)/((-2)/(-11) - 304/704). Let m(c) = 4*c**2 - 4*c + 29. List the prime factors of m(v).
7, 11
Let y = 4713 - 2910. What are the prime factors of y?
3, 601
Suppose 0 - 20 = -5*r. Let c(y) = y**2 - 9*y + 1. Let w be c(r). Let b = 9 - w. List the prime factors of b.
2, 7
Let z = 218 - 784. Let o = z + 903. What are the prime factors of o?
337
Let x(c) = 18*c**2 - 214*c - 1509. List the prime factors of x(-7).
13, 67
Suppose -3*p - 76 = 5*y, 4*p + 3*y = -103 + 20. Let n = -23 - p. List the prime factors of (9/n)/((-21)/350).
5
Let p(w) = 37*w**2 + w + 442. List the prime factors of p(-23).
2, 3, 7, 17
Let f(b) = 4*b + 5. Let k be f(-2). Let q be 5 + 5 + -4 + (k - 0). Suppose 0 = l + d - 53, -q*l = -0*d - d - 171. List the prime factors of l.
2, 7
Suppose 2*y = 6*y - n - 1000, 2*n = -3*y + 739. Suppose -781 = -2*d + y. What are the prime factors of d?
5, 103
List the prime factors of (2 + -7 + 4 + (-74646)/(-42))*14.
2, 6217
Let r(w) be the third derivative of 1/120*w**6 + 2/3*w**3 - 1/10*w**5 - 5/24*w**4 - 24*w**2 + 0 + 0*w. List the prime factors of r(8).
2, 23
List the prime factors of (-298)/(-745)*3/((-6)/(-122875)).
5, 983
Suppose 153*m - 113*m - 621360 = 0. What are the prime factors of m?
2, 3, 863
Suppose -3*s - 266 = -2*g + 513, -5*g + 1920 = -2*s. Suppose -p - 4*m = -g - 462, -p + 884 = -4*m. List the prime factors of p.
2, 3
List the prime factors of ((-33 - -5) + 3)*-281.
5, 281
Let q = -6411 - -9351. Suppose -16*m = -4*m - q. List the prime factors of m.
5, 7
Suppose 34*q + 3*x - 116900 = 30*q, 0 = -5*q - 2*x + 146125. List the prime factors of q.
5, 7, 167
Suppose -84261 = -34*d - 25713. Let m = d - 940. What are the prime factors of m?
2, 17, 23
Let v be (-18 - -58)*(-188)/(-5). Let f = -960 + v. List the prime factors of f.
2, 17
Suppose 15*v = 18*v - 3948. List the prime factors of v/5*(75/10 + -5).
2, 7, 47
Let j = -25 + 25. Suppose -4*x - h + 447 = j, 3*x + 3*h - 98 = 2*x. Suppose 4*n - 107 = x. What are the prime factors of n?
5, 11
Suppose -b + 14 = -40. Let n be (b/24)/(6/(-16)). List the prime factors of (n/(-4))/(1458/480 + -3).
2, 5
Let u = 332 - 330. Suppose 4*j = u*y + 1216, 2*j + 3*y = 5*y + 612. List the prime factors of j.
2, 151
List the prime factors of (-126445)/(-242)*(0 - -28).
2, 5, 7, 11, 19
Let i = -5030 - -10654. Suppose -i = 54*f - 58*f. List the prime factors of f.
2, 19, 37
Let z(u) = -144*u**2 - 9*u + 12. Let t be z(3). List the prime factors of 0 - (t + 8 + 8).
5, 7, 37
Let y = 50 + -39. Suppose -28 = -5*c + 17. Let v = y + c. What are the prime factors of v?
2, 5
Let j = 20918 - 8744. List the prime factors of j.
2, 3, 2029
Let g = -6121 - -15717. What are the prime factors of g?
2, 2399
Suppose -4*s + 4*c - 24 = 0, 2*c + 3 = -12*s + 11*s. What are the prime factors of (186/5)/(s*(-3)/100)?
2, 31
Let j = 242 - 259. Let n(m) = m**2 - 3*m - 16. What are the prime factors of n(j)?
2, 3
Let t(v) = -108*v + 55. Suppose 170*x = 176*x + 48. What are the prime factors of t(x)?
919
Suppose 0 = -20*p + 11117 - 3397. Suppose -2*c + 637 = c + o, -631 = -3*c - 4*o. Let i = p - c. What are the prime factors of i?
173
Let y(z) = -2*z + 2*z**2 - 8*z + 0*z + 13. Let c(l) = l**3 + 5*l**2 - 27*l - 18. Let k be c(-8). List the prime factors of y(k).
5
Let f(r) be the third derivative of -r**4/24 + 7*r**3/6 + 13*r**2. Let o be f(4). Suppose 2*w = w + g + 23, -o*w = 2*g - 74. List the prime factors of w.
2, 3
Suppose 43 = 7*l - 1651. Let g be 4/(-3) + l/6. Suppose 36*s - g*s = -405. List the prime factors of s.
3, 5
Let m = 23 - 49. Let h(u) = u**2 + 64*u - 164. Let d be h(-68). Let x = d - m. List the prime factors of x.
2, 67
What are the prime factors of 229496/5 + ((-231)/55)/21?
7, 79, 83
Suppose 5*w - 27 = y, -8*y - 19 = -3*y + 4*w. Let x = 14 + -10. What are the prime factors of x/14 - 1/y*159?
23
List the prime factors of (0 - -139)*(-3006 + -8)/(-22).
137, 139
Let w be (4 - (0 - 0))*1. List the prime factors of w/(-1) - -5 - -571.
2, 11, 13
Let w = 4462 - 3070. What are the prime factors of w?
2, 3, 29
Suppose 0 = -z + 19 + 223. Let x be (-160)/(-3) + (15/9)/(-5). Let p = z - x. What are the prime factors of p?
3, 7
Let f = -3335 - -3332. Let j(w) = -9*w + 0*w + 4 + 0. What are the prime factors of j(f)?
31
Suppose 0 = -118*r + 1718044 + 1672332. List the prime factors of r.
2, 11, 653
Suppose 2*h + 26 - 18 = 0. Suppose 3*c - 13 = 2*f, 0 = 3*f - 0 + 6. List the prime factors of c/(-2) + (-282)/h.
3, 23
Let i = 1472 - -1042. Suppose 44*n = 50*n - i. What are the prime factors of n?
419
Let g(q) = -906*q**3 - 10*q**2 - 2*q + 47. What are the prime factors of g(-3)?
5, 977
Suppose 10*u - 200 = -10*u. What are the prime factors of 50/(-125) + 6874/u?
3, 229
Suppose -c + 3*c = 286. Let a(l) = 19*l - 93. Let v be a(5). Suppose -2*k - 3*r + c = -v*r, 217 = 3*k + 2*r. List the prime factors of k.
3, 23
Let v = -294 + 325. Suppose -42*o + 8503 = -v*o. List the prime factors of o.
773
Suppose -4*j = -119*m + 121*m - 4752, -4*m - 2346 = -2*j. List the prime factors of j.
3, 5, 79
Let j(m) = m**2 - 29*m + 170. Let y be j(7). List the prime factors of (-366)/(-24)*y/2*1.
2, 61
List the prime factors of (-2 - -5)/(-18*(-7)/153342).
3, 1217
Suppose 84151 = x - 8*t + 6*t, 4*x - 336578 = -5*t. List the prime factors of x.
3, 7, 4007
Let i(t) be the first derivative of 11*t**3/3 + 3*t**2 + t + 151. List the prime factors of i(13).
2, 3, 17, 19
Suppose -15*l - 5*c = -16*l + 56219, -c + 168657 = 3*l. What are the prime factors of l?
17, 3307
Let h(s) = 327*s**2 - 43*s**2 + 8 + 71*s**2 + 7*s. What are the prime factors of h(-1)?
2, 89
Let c(l) = 5*l**2 - 44*l - 27. Let f be (183/4)/3 + (-19)/76. What are the prime factors of c(f)?
2, 3, 73
Suppose -2*d - 5*b - 18 = 0, 5*d + 4*b = -24 - 4. Let x be 4 - (5/(-5) + d). Suppose 48 = -x*f + 480. List the prime factors of f.
2, 3
Let w = 5289 + -2870. What are the prime factors of w?
41, 59
Let i be (64/24)/(40/45). Let d be 2/4 - (-50)/4. Suppose 3*m + m = -i*r + d, -m = 2*r + 3. What are the prime factors of m?
7
Let o(w) = 2*w**3 + 40*w**2 + 38*w + 128. List the prime factors of o(13).
2, 23
Let p(o) = -8887*o - 318. List the prime factors of p(-1).
11, 19, 41
Let u(a) = 5*a**2 + 6*a - 18. Let r = -178 + 167. What are the prime factors of u(r)?
521
Let b(d) = -123*d - 146. Suppose -2*t = -4*p + 2, 3*t - 4*p = -2*t - 23. What are the prime factors of b(t)?
5, 11, 13
Let z = -10087 - -36118. List the prime factors of z.
3, 8677
Let x = 29840 - 17132. What are the prime factors of x?
2, 3, 353
Let c be 0*((-2 - -3) + 0). Suppose c = d